{"id":8557,"date":"2019-03-27T14:20:43","date_gmt":"2019-03-27T14:20:43","guid":{"rendered":"https:\/\/fonollosaturisme.cat\/guerra-de-sucesion-bacardit-del-llumas-el-ultimo-rebelde\/"},"modified":"2019-03-27T14:20:43","modified_gmt":"2019-03-27T14:20:43","slug":"guerra-de-sucesion-bacardit-del-llumas-el-ultimo-rebelde","status":"publish","type":"page","link":"https:\/\/fonollosaturisme.cat\/es\/gente-historias-y-leyendas\/entre-guerras\/guerra-de-sucesion-bacardit-del-llumas-el-ultimo-rebelde\/","title":{"rendered":"Guerra de Sucesi\u00f3n: Bacardit del Llum\u00e0s, el \u00faltimo rebelde"},"content":{"rendered":"<p>En el siglo XVIII, el actual municipio de Fonollosa experiment\u00f3 de cerca los avatares de la historia pol\u00edtica del Principado. No en vano estaba vinculado con Cardona, y durante la guerra de Sucesi\u00f3n su gente milit\u00f3 en la lucha antiborb\u00f3nica. Tan grande fue el compromiso de sus vecinos con la causa austracista que algunos payeses, como el del <strong>Mas<\/strong>\u00a0<strong>Bacardit de Llum\u00e0s o Llomars<\/strong>, entonces de Camps (hoy de Sant Mateu de Bages), mantuvieron una peque\u00f1a tropa de caballer\u00eda cuando la guerra ya hab\u00eda terminado, lo que le supuso la prisi\u00f3n de por vida. Cerca de su mas\u00eda se situaban las ruinas de la antigua capilla de <a href=\"https:\/\/fonollosaturisme.cat\/antiga-capella-de-sant-mamet-de-bacardit\/\"><strong>Sant Mamet de Bacardit<\/strong><\/a> (ver foto superior), que ya en el siglo XVII hab\u00eda sido substituida por otra de nueva.<\/p>\n<p>Despu\u00e9s de la guerra, se procedi\u00f3 a la nueva divisi\u00f3n territorial sobre la base de los corregimientos, y los tres pueblos (Fonollosa, Fals y Camps) se incluyeron en el corregimiento de Cervera.\u00a0Tambi\u00e9n vari\u00f3 la organizaci\u00f3n de las demarcaciones religiosas: Fonollosa y Camps pasaron a depender del decanato de Prats de Rei, mientras que Fals lo hac\u00eda de Manresa, todo dentro del Obispado de Vic.<\/p>\n","protected":false},"excerpt":{"rendered":"<p>En el siglo XVIII, el actual municipio de Fonollosa experiment\u00f3 de cerca los avatares de la historia pol\u00edtica del Principado. No en vano estaba vinculado con Cardona, y durante la guerra de Sucesi\u00f3n su gente milit\u00f3 en la lucha antiborb\u00f3nica. Tan grande fue el compromiso de sus vecinos con la causa austracista que algunos payeses,&#8230;<\/p>\n","protected":false},"author":1,"featured_media":0,"parent":8558,"menu_order":1,"comment_status":"closed","ping_status":"closed","template":"","meta":{"_acf_changed":false,"footnotes":""},"class_list":["post-8557","page","type-page","status-publish","hentry"],"acf":[],"_links":{"self":[{"href":"https:\/\/fonollosaturisme.cat\/es\/wp-json\/wp\/v2\/pages\/8557","targetHints":{"allow":["GET"]}}],"collection":[{"href":"https:\/\/fonollosaturisme.cat\/es\/wp-json\/wp\/v2\/pages"}],"about":[{"href":"https:\/\/fonollosaturisme.cat\/es\/wp-json\/wp\/v2\/types\/page"}],"author":[{"embeddable":true,"href":"https:\/\/fonollosaturisme.cat\/es\/wp-json\/wp\/v2\/users\/1"}],"replies":[{"embeddable":true,"href":"https:\/\/fonollosaturisme.cat\/es\/wp-json\/wp\/v2\/comments?post=8557"}],"version-history":[{"count":0,"href":"https:\/\/fonollosaturisme.cat\/es\/wp-json\/wp\/v2\/pages\/8557\/revisions"}],"up":[{"embeddable":true,"href":"https:\/\/fonollosaturisme.cat\/es\/wp-json\/wp\/v2\/pages\/8558"}],"wp:attachment":[{"href":"https:\/\/fonollosaturisme.cat\/es\/wp-json\/wp\/v2\/media?parent=8557"}],"curies":[{"name":"wp","href":"https:\/\/api.w.org\/{rel}","templated":true}]}}

Guerra de Sucesión: Bacardit del Llumàs, el último rebelde

<p>En el siglo XVIII, el actual municipio de Fonollosa experimentó de cerca los avatares de la historia política del Principado. No en vano estaba vinculado con Cardona, y durante la guerra de Sucesión su gente militó en la lucha antiborbónica. Tan grande fue el compromiso de sus vecinos con la causa austracista que algunos payeses, como el del <strong>Mas</strong> <strong>Bacardit de Llumàs o Llomars</strong>, entonces de Camps (hoy de Sant Mateu de Bages), mantuvieron una pequeña tropa de caballería cuando la guerra ya había terminado, lo que le supuso la prisión de por vida. Cerca de su masía se situaban las ruinas de la antigua capilla de <a href="https://fonollosaturisme.cat/antiga-capella-de-sant-mamet-de-bacardit/"><strong>Sant Mamet de Bacardit</strong></a> (ver foto superior), que ya en el siglo XVII había sido substituida por otra de nueva.</p>
<p>Después de la guerra, se procedió a la nueva división territorial sobre la base de los corregimientos, y los tres pueblos (Fonollosa, Fals y Camps) se incluyeron en el corregimiento de Cervera. También varió la organización de las demarcaciones religiosas: Fonollosa y Camps pasaron a depender del decanato de Prats de Rei, mientras que Fals lo hacía de Manresa, todo dentro del Obispado de Vic.</p>

<p>En el siglo XVIII, el actual municipio de Fonollosa experimentó de cerca los avatares de la historia política del Principado. No en vano estaba vinculado con Cardona, y durante la guerra de Sucesión su gente militó en la lucha antiborbónica. Tan grande fue el compromiso de sus vecinos con la causa austracista que algunos payeses,&#8230;</p>
