{"id":8565,"date":"2019-03-27T14:35:55","date_gmt":"2019-03-27T14:35:55","guid":{"rendered":"https:\/\/fonollosaturisme.cat\/gente-historias-y-leyendas\/tierra-de-carlistadas\/don-alfonso-y-dona-blanca-en-fonollosa\/"},"modified":"2019-03-27T14:35:55","modified_gmt":"2019-03-27T14:35:55","slug":"don-alfonso-y-dona-blanca-en-fonollosa","status":"publish","type":"page","link":"https:\/\/fonollosaturisme.cat\/es\/gente-historias-y-leyendas\/tierra-de-carlistadas\/don-alfonso-y-dona-blanca-en-fonollosa\/","title":{"rendered":"Don Alfonso y Do\u00f1a Blanca en Fonollosa"},"content":{"rendered":"<p>A finales de septiembre de 1872, en el \u00a0contexto de la Tercera Guerra carlista, el mando de las tropas en Catalunya\u00a0lo tom\u00f3 el Infante don Alfonso Carlos, hermano del pretendiente a la Corona Carles Maria Isidre. El Infante hizo la campa\u00f1a acompa\u00f1ado por su mujer Maria de las Nieves de Braganza, tambi\u00e9n conocida como do\u00f1a Blanca, con quien se hab\u00eda casado en la primavera de 1872. La pareja pas\u00f3 el verano de 1873 en el Bages y, en la memoria oral, todav\u00eda perdura el recuerdo de su visita.<\/p>\n<p>El domingo 27 de abril de 1873, despu\u00e9s de asistir a misa militar en S\u00faria, la pareja fue hacia Calaf, pasando por <strong>Fonollosa <\/strong>(ver foto superior, presidida por la <a href=\"https:\/\/fonollosaturisme.cat\/esglesia-de-la-santa-creu-de-fonollosa\/\"><strong>iglesia de la Santa Creu de Fonollosa<\/strong><\/a>). Cerca de Calaf los reciben a tiros. Con algunos heridos, hacen noche en el Castillo de Castellar. Perseguidos por el enemigo, el 1 de mayo llegan de nuevo a Fonollosa, donde uno de sus asistentes cae desmayado en la cuadra donde se hab\u00edan apostado. Lo esconden en una casa y esperan al gu\u00eda al lado de las \u00faltimas casas del pueblo. Cuando llega se van hacia Claret de Cavallers, pero pronto volver\u00e1n para no ser rodeados. Llegados a la mas\u00eda \u201cCasa Fals\u201d, cuatro hombres se presentan voluntarios para entrar en las filas carlistas. Uno de los hombres intenta asesinar a don Alfonso, pero le falla la navaja. Otro corre hacia a do\u00f1a Blanca con una enorme navaja y un rev\u00f3lver, pero falla el tiro. Cuando lo intenta con la navaja, el Comandante Wills le da un golpe de sable en su brazo y lo inutiliza.\u00a0El cuarto sicario huye, pero los tres detenidos son juzgados y confiesan que les hab\u00edan pagado dinero. Ser\u00e1n fusilados cerca de Manresa.<\/p>\n<p>El 17 de junio de 1873 salen de Valldora y, pasando por Llin\u00e0s i Pin\u00f3s, llegan al atardecer a Vallmanya. Al d\u00eda siguiente pasan por Fonollosa, donde descansan tres horas, y hacen noche en \u00d2dena.\u00a0El 2 de julio de 1873 salen a las ocho de Vilalta y almuerzan en S\u00faria. A las tres cruzan de nuevo el Cardener y llegan a las ocho y media a Fonollosa, donde volver\u00e1n el d\u00eda 17, en su camino de huida desde Igualada.<\/p>\n","protected":false},"excerpt":{"rendered":"<p>A finales de septiembre de 1872, en el \u00a0contexto de la Tercera Guerra carlista, el mando de las tropas en Catalunya\u00a0lo tom\u00f3 el Infante don Alfonso Carlos, hermano del pretendiente a la Corona Carles Maria Isidre. El Infante hizo la campa\u00f1a acompa\u00f1ado por su mujer Maria de las Nieves de Braganza, tambi\u00e9n conocida como do\u00f1a&#8230;<\/p>\n","protected":false},"author":3,"featured_media":0,"parent":8561,"menu_order":3,"comment_status":"closed","ping_status":"closed","template":"","meta":{"_acf_changed":false,"footnotes":""},"class_list":["post-8565","page","type-page","status-publish","hentry"],"acf":[],"_links":{"self":[{"href":"https:\/\/fonollosaturisme.cat\/es\/wp-json\/wp\/v2\/pages\/8565","targetHints":{"allow":["GET"]}}],"collection":[{"href":"https:\/\/fonollosaturisme.cat\/es\/wp-json\/wp\/v2\/pages"}],"about":[{"href":"https:\/\/fonollosaturisme.cat\/es\/wp-json\/wp\/v2\/types\/page"}],"author":[{"embeddable":true,"href":"https:\/\/fonollosaturisme.cat\/es\/wp-json\/wp\/v2\/users\/3"}],"replies":[{"embeddable":true,"href":"https:\/\/fonollosaturisme.cat\/es\/wp-json\/wp\/v2\/comments?post=8565"}],"version-history":[{"count":0,"href":"https:\/\/fonollosaturisme.cat\/es\/wp-json\/wp\/v2\/pages\/8565\/revisions"}],"up":[{"embeddable":true,"href":"https:\/\/fonollosaturisme.cat\/es\/wp-json\/wp\/v2\/pages\/8561"}],"wp:attachment":[{"href":"https:\/\/fonollosaturisme.cat\/es\/wp-json\/wp\/v2\/media?parent=8565"}],"curies":[{"name":"wp","href":"https:\/\/api.w.org\/{rel}","templated":true}]}}

Don Alfonso y Doña Blanca en Fonollosa

<p>A finales de septiembre de 1872, en el  contexto de la Tercera Guerra carlista, el mando de las tropas en Catalunya lo tomó el Infante don Alfonso Carlos, hermano del pretendiente a la Corona Carles Maria Isidre. El Infante hizo la campaña acompañado por su mujer Maria de las Nieves de Braganza, también conocida como doña Blanca, con quien se había casado en la primavera de 1872. La pareja pasó el verano de 1873 en el Bages y, en la memoria oral, todavía perdura el recuerdo de su visita.</p>
<p>El domingo 27 de abril de 1873, después de asistir a misa militar en Súria, la pareja fue hacia Calaf, pasando por <strong>Fonollosa </strong>(ver foto superior, presidida por la <a href="https://fonollosaturisme.cat/esglesia-de-la-santa-creu-de-fonollosa/"><strong>iglesia de la Santa Creu de Fonollosa</strong></a>). Cerca de Calaf los reciben a tiros. Con algunos heridos, hacen noche en el Castillo de Castellar. Perseguidos por el enemigo, el 1 de mayo llegan de nuevo a Fonollosa, donde uno de sus asistentes cae desmayado en la cuadra donde se habían apostado. Lo esconden en una casa y esperan al guía al lado de las últimas casas del pueblo. Cuando llega se van hacia Claret de Cavallers, pero pronto volverán para no ser rodeados. Llegados a la masía “Casa Fals”, cuatro hombres se presentan voluntarios para entrar en las filas carlistas. Uno de los hombres intenta asesinar a don Alfonso, pero le falla la navaja. Otro corre hacia a doña Blanca con una enorme navaja y un revólver, pero falla el tiro. Cuando lo intenta con la navaja, el Comandante Wills le da un golpe de sable en su brazo y lo inutiliza. El cuarto sicario huye, pero los tres detenidos son juzgados y confiesan que les habían pagado dinero. Serán fusilados cerca de Manresa.</p>
<p>El 17 de junio de 1873 salen de Valldora y, pasando por Llinàs i Pinós, llegan al atardecer a Vallmanya. Al día siguiente pasan por Fonollosa, donde descansan tres horas, y hacen noche en Òdena. El 2 de julio de 1873 salen a las ocho de Vilalta y almuerzan en Súria. A las tres cruzan de nuevo el Cardener y llegan a las ocho y media a Fonollosa, donde volverán el día 17, en su camino de huida desde Igualada.</p>

<p>A finales de septiembre de 1872, en el  contexto de la Tercera Guerra carlista, el mando de las tropas en Catalunya lo tomó el Infante don Alfonso Carlos, hermano del pretendiente a la Corona Carles Maria Isidre. El Infante hizo la campaña acompañado por su mujer Maria de las Nieves de Braganza, también conocida como doña&#8230;</p>
