{"id":8568,"date":"2019-03-27T14:38:41","date_gmt":"2019-03-27T14:38:41","guid":{"rendered":"https:\/\/fonollosaturisme.cat\/gente-historias-y-leyendas\/de-payeses-arrancados-a-industriales\/la-vina\/"},"modified":"2019-03-27T14:38:41","modified_gmt":"2019-03-27T14:38:41","slug":"la-vina","status":"publish","type":"page","link":"https:\/\/fonollosaturisme.cat\/es\/gente-historias-y-leyendas\/de-payeses-arrancados-a-industriales\/la-vina\/","title":{"rendered":"La vi\u00f1a"},"content":{"rendered":"<p>La vi\u00f1a se fue expandiendo en Fonollosa hasta que se convirti\u00f3 en el cultivo principal de las tierras del t\u00e9rmino. La poblaci\u00f3n aument\u00f3, se ampliaron casas y se hicieron otras de nueva construcci\u00f3n. A partir de finales del siglo XVIII, los due\u00f1os del Tatger y Moncunill vendieron peque\u00f1os trozos a los aparceros, para que se pudiesen construir una casita de piedra. Este es el origen de los n\u00facleos del Raval y de la Creu. Lleg\u00f3 la filoxera y el pueblo se qued\u00f3 sin vi\u00f1as, pero pudo sobrevivir la sacudida y pronto los p\u00e1mpanos volvieron a verdear en la plana de Fals.<\/p>\n<p>Despu\u00e9s de la guerra civil, lleg\u00f3 la crisis del sector del vino y las cepas fueron arrancadas para dejar paso a los cereales. Las explotaciones de los peque\u00f1os payeses sin tierra propia eran dif\u00edciles de mantener, y la mayor\u00eda de estos se integraron en una cooperativa.<\/p>\n","protected":false},"excerpt":{"rendered":"<p>La vi\u00f1a se fue expandiendo en Fonollosa hasta que se convirti\u00f3 en el cultivo principal de las tierras del t\u00e9rmino. La poblaci\u00f3n aument\u00f3, se ampliaron casas y se hicieron otras de nueva construcci\u00f3n. A partir de finales del siglo XVIII, los due\u00f1os del Tatger y Moncunill vendieron peque\u00f1os trozos a los aparceros, para que se&#8230;<\/p>\n","protected":false},"author":1,"featured_media":0,"parent":8566,"menu_order":1,"comment_status":"closed","ping_status":"closed","template":"","meta":{"_acf_changed":false,"footnotes":""},"class_list":["post-8568","page","type-page","status-publish","hentry"],"acf":[],"_links":{"self":[{"href":"https:\/\/fonollosaturisme.cat\/es\/wp-json\/wp\/v2\/pages\/8568","targetHints":{"allow":["GET"]}}],"collection":[{"href":"https:\/\/fonollosaturisme.cat\/es\/wp-json\/wp\/v2\/pages"}],"about":[{"href":"https:\/\/fonollosaturisme.cat\/es\/wp-json\/wp\/v2\/types\/page"}],"author":[{"embeddable":true,"href":"https:\/\/fonollosaturisme.cat\/es\/wp-json\/wp\/v2\/users\/1"}],"replies":[{"embeddable":true,"href":"https:\/\/fonollosaturisme.cat\/es\/wp-json\/wp\/v2\/comments?post=8568"}],"version-history":[{"count":0,"href":"https:\/\/fonollosaturisme.cat\/es\/wp-json\/wp\/v2\/pages\/8568\/revisions"}],"up":[{"embeddable":true,"href":"https:\/\/fonollosaturisme.cat\/es\/wp-json\/wp\/v2\/pages\/8566"}],"wp:attachment":[{"href":"https:\/\/fonollosaturisme.cat\/es\/wp-json\/wp\/v2\/media?parent=8568"}],"curies":[{"name":"wp","href":"https:\/\/api.w.org\/{rel}","templated":true}]}}

La viña

<p>La viña se fue expandiendo en Fonollosa hasta que se convirtió en el cultivo principal de las tierras del término. La población aumentó, se ampliaron casas y se hicieron otras de nueva construcción. A partir de finales del siglo XVIII, los dueños del Tatger y Moncunill vendieron pequeños trozos a los aparceros, para que se pudiesen construir una casita de piedra. Este es el origen de los núcleos del Raval y de la Creu. Llegó la filoxera y el pueblo se quedó sin viñas, pero pudo sobrevivir la sacudida y pronto los pámpanos volvieron a verdear en la plana de Fals.</p>
<p>Después de la guerra civil, llegó la crisis del sector del vino y las cepas fueron arrancadas para dejar paso a los cereales. Las explotaciones de los pequeños payeses sin tierra propia eran difíciles de mantener, y la mayoría de estos se integraron en una cooperativa.</p>

<p>La viña se fue expandiendo en Fonollosa hasta que se convirtió en el cultivo principal de las tierras del término. La población aumentó, se ampliaron casas y se hicieron otras de nueva construcción. A partir de finales del siglo XVIII, los dueños del Tatger y Moncunill vendieron pequeños trozos a los aparceros, para que se&#8230;</p>
